ppose -4*t + 55982 = 3*g - 10940, 3*g = 3*t + 66936. Calculate the greatest common divisor of g and 690.
230
Suppose -27*w + 290 = -1951. Calculate the highest common divisor of 21 and w.
1
Let k = -36792 + 36897. What is the greatest common divisor of k and 2345?
35
Suppose -34*r = -30*r - 3*v - 897, 20 = 4*v. Let n = -222 + r. Let s(t) = t**3 - 2*t**2 - 2. Let z be s(4). Calculate the greatest common divisor of n and z.
6
Let f(g) = 2*g**2 - 82*g + 32. Let n be f(36). Let v = -248 - n. Let h be 1/(-3) - (-61)/3. What is the highest common factor of v and h?
20
Suppose -w - 72 = -4*w. Let g = -20588 + 20616. What is the greatest common factor of w and g?
4
Let p = -35 - -36. Suppose -5*t + 85 = b, p = -2*t - 4*b + 53. What is the highest common divisor of t and 18?
2
Suppose 129*d - 134*d = -k + 8230, -28 = 4*d. What is the highest common factor of 220 and k?
55
Suppose -92 = 3*q + 136. Let u = q - -113. What is the highest common divisor of 333 and u?
37
Let d(n) = 127*n + 3003. Let q be d(-19). What is the greatest common factor of q and 20?
10
Suppose 2*l - 1 - 7 = 0. Suppose -3*f + 14 = l*f. Suppose -f*n = -5*p - 22, -n + 5*p + 14 = 3. What is the greatest common divisor of 22 and n?
11
Suppose 3*d - 9 = -3. Suppose -9*m = -7*m - d*q - 820, -4*m + q = -1625. What is the highest common divisor of m and 15?
15
Let a = -444 - -470. Let z = 405 + -197. What is the highest common factor of z and a?
26
Suppose 7*g + 22725 = 2*j, -19677 - 14470 = -3*j + 2*g. What is the greatest common divisor of j and 59?
59
Suppose 341 = 2*c - 777. Let s = c + -459. Calculate the greatest common divisor of s and 40.
20
Let o(a) = 67*a**3 + 45*a**2 - 46*a. Let b be o(1). What is the greatest common divisor of b and 1078?
22
Let z be 2*-2 + 2*(0 + 4). Suppose 17 - 136 = -u + 5*j, 4*u - z*j - 556 = 0. Let f = -5 + 29. Calculate the greatest common divisor of u and f.
24
Suppose 2*v - 123 = d - 49, -3*d + 218 = 5*v. Calculate the highest common factor of 5560 and v.
40
Let l be (-624)/28*(-5355)/135. What is the greatest common factor of l and 1564?
68
Let c(t) = -211*t - 651. Let g be c(-6). Calculate the greatest common divisor of 287 and g.
41
Suppose -4 = -c - 2. Let j(g) = -3 - 7*g**2 + 2*g**2 + 8*g**c + 6*g. Let v be j(-4). Calculate the highest common factor of v and 189.
21
Suppose 3*c - 229 = -2*t, 3*t + 8*c - 4*c = 342. Suppose -o = -6*o + t. What is the highest common factor of o and 99?
11
Suppose 2*v + 3900 = 3*p + p, 4*p = -5*v + 3900. Calculate the greatest common divisor of 225 and p.
75
Let c = 14 - -6. Let h(u) = -2*u**2 + 36*u + 6. Let l be h(16). Let x = 100 - l. What is the greatest common factor of c and x?
10
Let v be (0 - 1) + 7 + -10. Let w(o) = -9*o**2 + 3*o + 7. Let h be w(v). Let r = 16 - h. What is the greatest common divisor of r and 15?
15
Suppose -16*w - 3623 + 5911 = 0. Calculate the greatest common divisor of w and 2574.
143
Let n = -5104 - -5203. What is the highest common divisor of 5247 and n?
99
Let b be 2 - (-8)/(40/15). Suppose c + 18 = b*k - 15, k - 18 = 4*c. Calculate the highest common factor of 24 and k.
6
Let q = -4 - -697. Suppose 2*y + 1468 = 4*r, 2*y - q = -2*r + 47. What is the highest common divisor of 16 and r?
16
Let z(u) = -12444*u + 49792. Let b be z(4). Suppose -4*k = -191 - 257. Calculate the greatest common divisor of k and b.
16
Let q be 30/(-20)*4/(-3). Suppose -2 + 32 = 5*v. Suppose -v*z + 26 = 8. Calculate the greatest common divisor of z and q.
1
Suppose y + 815 = 4*j, 2418 - 2617 = -j + 5*y. Calculate the highest common factor of 3774 and j.
102
Let z be (12/(-14))/(1/(-7)). Let w be 10 + -3*(-4)/z. Let t(v) = 7*v**2 - 228*v - 735. Let u be t(-3). Calculate the highest common divisor of u and w.
12
Let t be (21/(-2))/(561/(-54604)). What is the highest common divisor of 292 and t?
146
Suppose 3*l + 97 - 138 = b, 5*b + 36 = 2*l. Calculate the greatest common factor of l and 1716.
13
Let z = -9554 + 9594. Suppose 720 - 2480 = -4*s. What is the highest common factor of s and z?
40
Let b be 36/4 + (-2)/(6/9). Suppose 3*z - 6*z = 2*r + b, 8 = -2*z. Suppose o = r*t - 6*t + 45, 5*o = 5*t + 225. What is the greatest common divisor of o and 15?
15
Let m(x) = x**3 - 88*x**2 - 293*x - 383. Let d be m(92). Calculate the greatest common divisor of d and 133.
133
Suppose 3288 + 3030 = 39*f. What is the highest common divisor of 729 and f?
81
Suppose 7*j - 8*j = -4. Suppose -j*z + 12 = -100. Let a(t) = -4*t + 18. Let f be a(-6). Calculate the highest common divisor of z and f.
14
Let p be (2/(14/35))/((-45)/24 + 2). Let f = 0 - -9. Let z = 14 - f. What is the highest common divisor of z and p?
5
Let m(l) = 4*l**3 - 3*l**2 + l - 2. Let v(t) = -2*t + 6. Let w be v(2). Let r be m(w). Let u = 504 - 494. What is the greatest common divisor of r and u?
10
Let b(r) = 9*r**2 - 156*r + 1782. Let s be b(12). What is the highest common factor of s and 18?
18
Suppose -1660 - 580 = -35*g. Let y be g + -3*(-5)/15. Calculate the greatest common factor of 845 and y.
65
Let q = 421 + -325. Suppose -130*c = -124*c - q. Let x = 264 + -120. Calculate the highest common factor of x and c.
16
Let x(h) = h**2 - 31*h + 84. Let t(r) = -2*r + 1. Let i(n) = -4*t(n) + x(n). Let m be i(19). What is the highest common factor of 148 and m?
4
Suppose -3*r + 57 = -5*g, -11*g = -5*r - 12*g + 39. What is the highest common divisor of r and 118?
1
Suppose 5*c + 2*l + l - 169 = 0, -5*c = -5*l - 225. What is the greatest common factor of c and 1501?
19
Let i(w) = 2*w**3 + 122*w**2 + 6*w + 422. Let r be i(-61). Suppose 4*b + 4*d - 848 = b, 5*d = 4*b - 1110. Calculate the highest common factor of b and r.
56
Let y be 2/3*2*(-45)/(-20). Suppose -r + y + 105 = 0. Calculate the highest common divisor of 81 and r.
27
Suppose 2*o - 71 + 5 = 0. Let m(r) = -4*r + 18. Let z be m(4). Suppose 6*j = 4*q + j - 37, z*q + 14 = -4*j. What is the greatest common divisor of o and q?
3
Let p(w) = -2*w + 17. Let q be p(10). Let n(m) = 2*m + 6. Let j be n(q). Suppose -z - 6 + 15 = j. What is the greatest common divisor of 1 and z?
1
Let i be 65/(-13)*(5 - (-4 + 6) - 36). What is the greatest common factor of i and 605?
55
Let b = -3 + 6. Suppose 0 = -2*p + 2*r + 78, -r = -0*r - 2. Suppose b*q - 74 = y, -2*q + 5 + p = y. What is the greatest common divisor of 8 and q?
8
Suppose -4*c - 2*j = -0*c - 1152, 6*c - 1752 = 3*j. Calculate the highest common divisor of 2 and c.
2
Let w be (17472/40)/(-7)*-5. Suppose -151*i + 144*i + 1638 = 0. What is the highest common factor of i and w?
78
Suppose 0 = -2*m - 101 - 263. Let d be (20/(-14))/(9 + 1651/m). Let k be 3/(-2)*20/(-3). Calculate the greatest common factor of k and d.
10
Let s(y) = -810*y - 780. Let t be s(-11). Calculate the greatest common factor of 6 and t.
6
Suppose 4*x - 8*x = -20. Let w be ((-32)/x)/((-4)/10). Let o = 17 - 9. What is the highest common factor of o and w?
8
Suppose -140*h + 26244 = -32*h. What is the highest common divisor of h and 1?
1
Let k = 9 + 11. Suppose 0*l - 126 = 9*l. Let p be ((-12)/l)/((-138)/(-3220)). Calculate the greatest common divisor of p and k.
20
Suppose -38859 = 12*y - 176679. What is the greatest common factor of 5 and y?
5
Let y(j) = 65*j + 248. Let m(o) = -71*o - 249. Let d(r) = -6*m(r) - 7*y(r). Let a be d(-10). What is the greatest common divisor of a and 80?
16
Let v(b) = -b**3 + 31*b**2 - 21*b - 14. Let g be v(14). Calculate the greatest common divisor of g and 63.
63
Suppose -4*v + 0*y = 2*y - 60, 5*v - 75 = y. Let f = -7677 - -7692. What is the highest common factor of f and v?
15
Let w(c) be the first derivative of -250*c**3/3 - c**2 + c - 8. Let l be w(1). Let y = 372 + l. What is the highest common divisor of y and 11?
11
Let a = 2984 + -1489. Calculate the greatest common divisor of 260 and a.
65
Suppose -983 = 12*v - 5003. Let i = 350 - v. Calculate the highest common factor of i and 375.
15
Let u(a) = 461*a - 11912. Let p be u(26). Calculate the greatest common factor of p and 3737.
37
Let r(w) be the third derivative of -w**4/24 + 7*w**3/6 - 18*w**2. Let u be r(-27). Calculate the greatest common factor of u and 34.
34
Let l be -11 + (-2 - -7 - 1). Let p(y) = -y**3 - 7*y**2 - 4*y + 2. Let r be p(l). Suppose -43*d + 46*d - 180 = 0. What is the highest common divisor 